{"id":57,"date":"2018-06-28T18:07:56","date_gmt":"2018-06-28T18:07:56","guid":{"rendered":"https:\/\/aceperhead.mx\/?page_id=57"},"modified":"2018-07-17T17:04:55","modified_gmt":"2018-07-17T17:04:55","slug":"acerca","status":"publish","type":"page","link":"https:\/\/aceperhead.mx\/?page_id=57","title":{"rendered":"Acerca"},"content":{"rendered":"<p>Ace Per Head, somos l\u00edderes en el mercado Pay Per Head en USA y ahora expandiendo nuestras fronteras traemos a Mexico el mejor servicio Per Head de la industria.<\/p>\n<p>Hemos competido por m\u00e1s de 25 a\u00f1os en la industria y ofrecemos a los agentes (personas encargadas de tomar apuestas deportivas) toda la plataforma necesaria para maximizar las ganancias de una forma vers\u00e1til y accesible. Nuestras lineas son las mas acertadas, con las mejores proyecciones por juego, con cientos de opciones para apostar distintas por juego.<\/p>\n<p>Teniendo control total en tiempo real sobre sus jugadores, alertas por medio de correo electr\u00f3nico cuando una apuesta haya sido insertada, constante revisi\u00f3n sobre jugadores profesionales para as\u00ed minimizar el riesgo de p\u00e9rdidas de dinero, una compleja plataforma virtual f\u00e1cil de usar para los agentes y jugadores los cuales podr\u00e1n encontrar todos los deportes de alta demanda en el mercado actual, apuestas en vivo (cuando el juego ya empez\u00f3 una l\u00ednea actualizada se ofrecera) en todas las ligas mayores y torneos, apuestas de caballos casino virtual y en l\u00ednea y la \u00faltima generaci\u00f3n de apuestas en vivo VIP en donde encontrar\u00e1n m\u00e1s de 7 deportes distintos con m\u00e1s de 50 opciones para apostar por juego!<\/p>\n<p>Nuestros sitios webs cuentan con los mejores protocolos de seguridad para poder brindar un servicio estable y confiable con plataformas virtuales que no tienen tiempo fuera de l\u00ednea, nuestros servidores cuentan con 7 capas de protecci\u00f3n contra ataques DDOS<\/p>\n<p>Por esto y m\u00e1s es que somos los l\u00edderes en el mercado Estadounidense de Pay Per Head, ya que logramos maximizar las ganancias de nuestros agentes y brindar paz y tranquilidad que da utilizar un sitio web seguro y confiable.<\/p>\n<p>Y todo esto por el c\u00f3modo precio de $10 por jugador activo por semana.<\/p>\n","protected":false},"excerpt":{"rendered":"<p>Ace Per Head, somos l\u00edderes en el mercado Pay Per Head en USA y ahora expandiendo nuestras fronteras traemos a Mexico el mejor servicio Per Head de la industria. Hemos competido por m\u00e1s de 25 a\u00f1os en la industria y ofrecemos a los agentes (personas encargadas de tomar apuestas deportivas) toda la plataforma necesaria para [&hellip;]<\/p>\n","protected":false},"author":1,"featured_media":120,"parent":0,"menu_order":0,"comment_status":"closed","ping_status":"closed","template":"","meta":{"_acf_changed":false,"footnotes":""},"class_list":["post-57","page","type-page","status-publish","has-post-thumbnail","hentry"],"acf":[],"amp_enabled":true,"_links":{"self":[{"href":"https:\/\/aceperhead.mx\/index.php?rest_route=\/wp\/v2\/pages\/57","targetHints":{"allow":["GET"]}}],"collection":[{"href":"https:\/\/aceperhead.mx\/index.php?rest_route=\/wp\/v2\/pages"}],"about":[{"href":"https:\/\/aceperhead.mx\/index.php?rest_route=\/wp\/v2\/types\/page"}],"author":[{"embeddable":true,"href":"https:\/\/aceperhead.mx\/index.php?rest_route=\/wp\/v2\/users\/1"}],"replies":[{"embeddable":true,"href":"https:\/\/aceperhead.mx\/index.php?rest_route=%2Fwp%2Fv2%2Fcomments&post=57"}],"version-history":[{"count":1,"href":"https:\/\/aceperhead.mx\/index.php?rest_route=\/wp\/v2\/pages\/57\/revisions"}],"predecessor-version":[{"id":58,"href":"https:\/\/aceperhead.mx\/index.php?rest_route=\/wp\/v2\/pages\/57\/revisions\/58"}],"wp:featuredmedia":[{"embeddable":true,"href":"https:\/\/aceperhead.mx\/index.php?rest_route=\/wp\/v2\/media\/120"}],"wp:attachment":[{"href":"https:\/\/aceperhead.mx\/index.php?rest_route=%2Fwp%2Fv2%2Fmedia&parent=57"}],"curies":[{"name":"wp","href":"https:\/\/api.w.org\/{rel}","templated":true}]}}