{"id":67,"date":"2018-07-12T02:18:51","date_gmt":"2018-07-12T02:18:51","guid":{"rendered":"https:\/\/aceperhead.mx\/?page_id=67"},"modified":"2018-07-17T18:22:07","modified_gmt":"2018-07-17T18:22:07","slug":"que-es-un-servicio-per-head","status":"publish","type":"page","link":"https:\/\/aceperhead.mx\/?page_id=67","title":{"rendered":"Que es un servicio Per Head?"},"content":{"rendered":"<p>Es un servicio que brinda las herramientas necesarias a personas que toman apuestas en deportes (agentes) para poder maximizar sus ganancias ofrecemos toda la plataforma requerida, proveyendo al agente acceso completo sobre las cuentas de sus jugadores para poder modificar l\u00edmites hacer pagos o ajustes, dar dinero extra para un periodo de tiempo espec\u00edfico, mover l\u00edneas, recibir alertas cuando una apuesta ha sido insertada, acceso completo a los reportes de apuestas y balances para asi poder para que sus jugadores obtengan la mayor cantidad de juegos con l\u00edneas s\u00f3lidas cientos de tipos de apuestas diferentes para as\u00ed poder mantenerse competitivos en un mercado din\u00e1mico y de constante cambio.<\/p>\n<p>1. Servicio de call center 24\/7.<\/p>\n<p>2. Sitio web para jugadores y agente.<\/p>\n<p>3. Constante revisi\u00f3n de apostadores profesionales .<\/p>\n<p>4. Dos plataformas de apuestas en vivo:Regular (deportes principales) y VIP con m\u00e1s de 7 deportes distintos y m\u00e1s de 50 distintos tipos de apuesta por juego!<\/p>\n<p>5. Apuestas en caballos.<\/p>\n<p>6. Casino virtual y en vivo.<\/p>\n<p>7. Revisi\u00f3n\/b\u00fasqueda diaria y constante de jugadores profesionales<\/p>\n","protected":false},"excerpt":{"rendered":"<p>Es un servicio que brinda las herramientas necesarias a personas que toman apuestas en deportes (agentes) para poder maximizar sus ganancias ofrecemos toda la plataforma requerida, proveyendo al agente acceso completo sobre las cuentas de sus jugadores para poder modificar l\u00edmites hacer pagos o ajustes, dar dinero extra para un periodo de tiempo espec\u00edfico, mover [&hellip;]<\/p>\n","protected":false},"author":1,"featured_media":124,"parent":0,"menu_order":0,"comment_status":"closed","ping_status":"closed","template":"","meta":{"_acf_changed":false,"footnotes":""},"class_list":["post-67","page","type-page","status-publish","has-post-thumbnail","hentry"],"acf":[],"amp_enabled":true,"_links":{"self":[{"href":"https:\/\/aceperhead.mx\/index.php?rest_route=\/wp\/v2\/pages\/67","targetHints":{"allow":["GET"]}}],"collection":[{"href":"https:\/\/aceperhead.mx\/index.php?rest_route=\/wp\/v2\/pages"}],"about":[{"href":"https:\/\/aceperhead.mx\/index.php?rest_route=\/wp\/v2\/types\/page"}],"author":[{"embeddable":true,"href":"https:\/\/aceperhead.mx\/index.php?rest_route=\/wp\/v2\/users\/1"}],"replies":[{"embeddable":true,"href":"https:\/\/aceperhead.mx\/index.php?rest_route=%2Fwp%2Fv2%2Fcomments&post=67"}],"version-history":[{"count":3,"href":"https:\/\/aceperhead.mx\/index.php?rest_route=\/wp\/v2\/pages\/67\/revisions"}],"predecessor-version":[{"id":125,"href":"https:\/\/aceperhead.mx\/index.php?rest_route=\/wp\/v2\/pages\/67\/revisions\/125"}],"wp:featuredmedia":[{"embeddable":true,"href":"https:\/\/aceperhead.mx\/index.php?rest_route=\/wp\/v2\/media\/124"}],"wp:attachment":[{"href":"https:\/\/aceperhead.mx\/index.php?rest_route=%2Fwp%2Fv2%2Fmedia&parent=67"}],"curies":[{"name":"wp","href":"https:\/\/api.w.org\/{rel}","templated":true}]}}